{"id":263,"date":"2013-02-05T18:16:44","date_gmt":"2013-02-05T21:16:44","guid":{"rendered":"http:\/\/curacompletaparaomelasma.seublog.net\/?page_id=263"},"modified":"2013-03-17T19:23:58","modified_gmt":"2013-03-17T22:23:58","slug":"respiracao","status":"publish","type":"page","link":"https:\/\/curacompletaparaomelasma.seublog.net\/?page_id=263","title":{"rendered":"Respira\u00e7\u00e3o"},"content":{"rendered":"<p>Conforme Manuel Lezaeta menciona em Medicina Natural ao Alcance de todos, Hip\u00f3crates afirmava que o ar \u00e9 o primeiro alimento e o primeiro medicamento.<\/p>\n<p>Samael Aun Weor, em seu livro A Medicina de Alden, assevera o seguinte:<\/p>\n<p><em>&#8220;A humanidade adquiriu o mau costume de respirar superficialmente e dentro de um\u00a0ritmo muito curto.\u00a0O rec\u00e9m\u2212nascido absorve uma respira\u00e7\u00e3o longa e profunda&#8230;<\/em><em>\u00a0O homem idoso d\u00e1 um d\u00e9bil suspiro,\u00a0cessa de respirar e sua vida est\u00e1 acabada&#8230;&#8221;<\/em><\/p>\n<p><em><strong>&#8220;&#8230;O controle inteligente da nossa faculdade de respirar prolongar\u00e1 nossos dias sobre a Terra, mediante o acr\u00e9scimo de vitalidade e poder de resist\u00eancia. Por outro lado, a respira\u00e7\u00e3o descuidada tender\u00e1 a encurtar nossos dias, pelo decr\u00e9scimo de nossa vitalidade, deixando\u2212nos \u00e0 merc\u00ea da doen\u00e7a.&#8221;<\/strong><\/em><\/p>\n<p><em>\u201cO homem em seu estado normal n\u00e3o carecia de instru\u00e7\u00f5es a respeito de como respirar. A exemplo dos animais inferiores e das crian\u00e7as, respirava natural e convenientemente, tal como a Natureza o quis. A civiliza\u00e7\u00e3o o modificou neste particular, assim como em outros tamb\u00e9m. Contraiu m\u00e9todos e atitudes impr\u00f3prias de caminhar, sentar, ficar de p\u00e9, os quais lhe privaram do seu direito de respirar natural e corretamente. A civiliza\u00e7\u00e3o pagou um alto pre\u00e7o.&#8221;<\/em><\/p>\n<p><em>&#8220;Eminentes autoridades costumam\u00a0dizer que bastaria uma gera\u00e7\u00e3o de respiradores corretos para regenerar a ra\u00e7a.&#8221;<\/em><\/p>\n<p>Lobsang Rampa, no cap\u00edtulo 10 de seu livro O M\u00e9dico de Lhasa, afirma que, durante a Segunda Guerra Mundial, como havia total falta de recursos no campo de concentra\u00e7\u00e3o em que estava prisioneiro, lan\u00e7ava m\u00e3o de t\u00e9cnicas respirat\u00f3rias para curar seus pacientes. O saite <a href=\"http:\/\/www.lobsangrampa.org\/portugues\/respiracao.html\" target=\"_blank\">http:\/\/www.lobsangrampa.org\/portugues\/respiracao.html<\/a> procura reproduzir essas t\u00e9cnicas.<\/p>\n<p>Recomenamos ainda o saite <a href=\"http:\/\/www.saudeintegral.com\/artigos\/respirar-e-viver.html\" target=\"_blank\">http:\/\/www.saudeintegral.com\/artigos\/respirar-e-viver.html<\/a><\/p>\n<p>Tamb\u00e9m, o saite <a href=\"http:\/\/www2.uol.com.br\/vyaestelar\/medicinatradchinesa_respirar.htm\" target=\"_blank\">http:\/\/www2.uol.com.br\/vyaestelar\/medicinatradchinesa_respirar.htm<\/a>, \u00a0que versa sobre respira\u00e7\u00e3o, ensina:<br \/>\n<strong>&#8220;Respirar certo = respirar pausadamente e profundamente&#8221;<\/strong><em><\/em><\/p>\n<div class='shareinpost'><ul class=\"socialwrap row\"><li class=\"iconOnly\"><a rel=\"nofollow\" target=\"_blank\" href=\"http:\/\/delicious.com\/post?url=https%3A%2F%2Fcuracompletaparaomelasma.seublog.net%2F%3Fpage_id%3D263&amp;title=Respira%C3%A7%C3%A3o\" title=\"Bookmark this post : Respira\u00e7\u00e3o on Delicious\" ><img loading=\"lazy\" decoding=\"async\" src=\"http:\/\/curacompletaparaomelasma.seublog.net\/wp-content\/plugins\/share-and-follow\/images\/blank.gif\" height=\"32\" style=\"background: transparent url(http:\/\/curacompletaparaomelasma.seublog.net\/wp-content\/plugins\/share-and-follow\/default\/32\/sprite-32.png) no-repeat;padding:0;margin:0;height:32px;width:32px;background-position:-198px 0px\" class=\"image-32\" width=\"32\" alt=\"delicious\"\/> <span class=\"head\">Bookmark on Delicious<\/span><\/a><\/li><li class=\"iconOnly\"><a rel=\"nofollow\" target=\"_blank\" href=\"http:\/\/digg.com\/submit?url=https%3A%2F%2Fcuracompletaparaomelasma.seublog.net%2F%3Fpage_id%3D263&amp;title=Respira%C3%A7%C3%A3o&amp;bodytext=Conforme+Manuel+Lezaeta+menciona+em+Medicina+Natural+ao+Alcance+de+todos%2C+Hip%C3%B3crates+afirmava+que+o+ar+%C3%A9+o+primeiro+alimento+e+o+primeiro+medicamento.%0D%0A%0D%0ASamael+Aun+Weor%2C+em+seu+livro+A+Medicina+de+Alden%2C+assevera+o+seguinte%3A%0D%0A%0D%0A%22A+humanidade+adquiriu+o+mau+costume+de+respirar+superficialmente+e+dentro+de+um%C2%A0ritmo+m\" title=\"Digg this post : Respira\u00e7\u00e3o\" ><img loading=\"lazy\" decoding=\"async\" src=\"http:\/\/curacompletaparaomelasma.seublog.net\/wp-content\/plugins\/share-and-follow\/images\/blank.gif\" height=\"32\" style=\"background: transparent url(http:\/\/curacompletaparaomelasma.seublog.net\/wp-content\/plugins\/share-and-follow\/default\/32\/sprite-32.png) no-repeat;padding:0;margin:0;height:32px;width:32px;background-position:-264px 0px\" class=\"image-32\" width=\"32\" alt=\"digg\"\/> <span class=\"head\">Digg this post<\/span><\/a><\/li><li class=\"iconOnly\"><a rel=\"nofollow\" target=\"_blank\" href=\"http:\/\/www.facebook.com\/sharer.php?u=https%3A%2F%2Fcuracompletaparaomelasma.seublog.net%2F%3Fpage_id%3D263&amp;t=Respira%C3%A7%C3%A3o\" title=\"Recommend this post : Respira\u00e7\u00e3o on Facebook\" ><img loading=\"lazy\" decoding=\"async\" src=\"http:\/\/curacompletaparaomelasma.seublog.net\/wp-content\/plugins\/share-and-follow\/images\/blank.gif\" height=\"32\" style=\"background: transparent url(http:\/\/curacompletaparaomelasma.seublog.net\/wp-content\/plugins\/share-and-follow\/default\/32\/sprite-32.png) no-repeat;padding:0;margin:0;height:32px;width:32px;background-position:-363px 0px\" class=\"image-32\" width=\"32\" alt=\"facebook\"\/> <span class=\"head\">Recommend on Facebook<\/span><\/a><\/li><li class=\"iconOnly\"><a rel=\"nofollow\" target=\"_blank\" href=\"http:\/\/www.reddit.com\/submit?url=https%3A%2F%2Fcuracompletaparaomelasma.seublog.net%2F%3Fpage_id%3D263&amp;title=Respira%C3%A7%C3%A3o\" title=\"Share this post : Respira\u00e7\u00e3o on Reddit\" ><img loading=\"lazy\" decoding=\"async\" src=\"http:\/\/curacompletaparaomelasma.seublog.net\/wp-content\/plugins\/share-and-follow\/images\/blank.gif\" height=\"32\" style=\"background: transparent url(http:\/\/curacompletaparaomelasma.seublog.net\/wp-content\/plugins\/share-and-follow\/default\/32\/sprite-32.png) no-repeat;padding:0;margin:0;height:32px;width:32px;background-position:-1419px 0px\" class=\"image-32\" width=\"32\" alt=\"reddit\"\/> <span class=\"head\">share via Reddit<\/span><\/a><\/li><li class=\"iconOnly\"><a rel=\"nofollow\" target=\"_blank\" href=\"http:\/\/www.stumbleupon.com\/submit?url=https%3A%2F%2Fcuracompletaparaomelasma.seublog.net%2F%3Fpage_id%3D263&amp;title=Respira%C3%A7%C3%A3o\" title=\"Share this post : Respira\u00e7\u00e3o with Stumblers\" ><img loading=\"lazy\" decoding=\"async\" src=\"http:\/\/curacompletaparaomelasma.seublog.net\/wp-content\/plugins\/share-and-follow\/images\/blank.gif\" height=\"32\" style=\"background: transparent url(http:\/\/curacompletaparaomelasma.seublog.net\/wp-content\/plugins\/share-and-follow\/default\/32\/sprite-32.png) no-repeat;padding:0;margin:0;height:32px;width:32px;background-position:-1617px 0px\" class=\"image-32\" width=\"32\" alt=\"stumble\"\/> <span class=\"head\">Share with Stumblers<\/span><\/a><\/li><li class=\"iconOnly\"><a rel=\"nofollow\" target=\"_blank\" href=\"http:\/\/twitter.com\/home\/?status=https%3A%2F%2Fcuracompletaparaomelasma.seublog.net%2F%3Fpage_id%3D263\" title=\"Tweet this post : Respira\u00e7\u00e3o on Twitter\" ><img loading=\"lazy\" decoding=\"async\" src=\"http:\/\/curacompletaparaomelasma.seublog.net\/wp-content\/plugins\/share-and-follow\/images\/blank.gif\" height=\"32\" style=\"background: transparent url(http:\/\/curacompletaparaomelasma.seublog.net\/wp-content\/plugins\/share-and-follow\/default\/32\/sprite-32.png) no-repeat;padding:0;margin:0;height:32px;width:32px;background-position:-1749px 0px\" class=\"image-32\"  width=\"32\"  alt=\"twitter\"\/> <span class=\"head\">Tweet about it<\/span><\/a><\/li><li class=\"iconOnly\"><a rel=\"_self\" href=\"https:\/\/curacompletaparaomelasma.seublog.net\/?page_id=263&feed=rss2\" title=\"Follow this post : Respira\u00e7\u00e3o comments\"><img loading=\"lazy\" decoding=\"async\" src=\"http:\/\/curacompletaparaomelasma.seublog.net\/wp-content\/plugins\/share-and-follow\/images\/blank.gif\" height=\"32\"  width=\"32\" style=\"background: transparent url(http:\/\/curacompletaparaomelasma.seublog.net\/wp-content\/plugins\/share-and-follow\/default\/32\/sprite-32.png) no-repeat;padding:0;margin:0;height:32px;width:32px;background-position:-1452px 0px\" class=\"image-32\"  alt=\"rss\" \/> <span class=\"head\">Subscribe to the comments on this post<\/span><\/a><\/li><\/ul><div class=\"clean\"><\/div> <\/div>","protected":false},"excerpt":{"rendered":"<p>Conforme Manuel Lezaeta menciona em Medicina Natural ao Alcance de todos, Hip\u00f3crates afirmava que o ar \u00e9 o primeiro alimento e o primeiro medicamento. Samael Aun Weor, em seu livro A Medicina de Alden, assevera o seguinte: &#8220;A humanidade adquiriu &hellip; <a href=\"https:\/\/curacompletaparaomelasma.seublog.net\/?page_id=263\">Continue lendo <span class=\"meta-nav\">&rarr;<\/span><\/a><\/p>\n","protected":false},"author":2112,"featured_media":0,"parent":2,"menu_order":0,"comment_status":"open","ping_status":"open","template":"","meta":{"footnotes":""},"class_list":["post-263","page","type-page","status-publish","hentry"],"_links":{"self":[{"href":"https:\/\/curacompletaparaomelasma.seublog.net\/index.php?rest_route=\/wp\/v2\/pages\/263","targetHints":{"allow":["GET"]}}],"collection":[{"href":"https:\/\/curacompletaparaomelasma.seublog.net\/index.php?rest_route=\/wp\/v2\/pages"}],"about":[{"href":"https:\/\/curacompletaparaomelasma.seublog.net\/index.php?rest_route=\/wp\/v2\/types\/page"}],"author":[{"embeddable":true,"href":"https:\/\/curacompletaparaomelasma.seublog.net\/index.php?rest_route=\/wp\/v2\/users\/2112"}],"replies":[{"embeddable":true,"href":"https:\/\/curacompletaparaomelasma.seublog.net\/index.php?rest_route=%2Fwp%2Fv2%2Fcomments&post=263"}],"version-history":[{"count":20,"href":"https:\/\/curacompletaparaomelasma.seublog.net\/index.php?rest_route=\/wp\/v2\/pages\/263\/revisions"}],"predecessor-version":[{"id":464,"href":"https:\/\/curacompletaparaomelasma.seublog.net\/index.php?rest_route=\/wp\/v2\/pages\/263\/revisions\/464"}],"up":[{"embeddable":true,"href":"https:\/\/curacompletaparaomelasma.seublog.net\/index.php?rest_route=\/wp\/v2\/pages\/2"}],"wp:attachment":[{"href":"https:\/\/curacompletaparaomelasma.seublog.net\/index.php?rest_route=%2Fwp%2Fv2%2Fmedia&parent=263"}],"curies":[{"name":"wp","href":"https:\/\/api.w.org\/{rel}","templated":true}]}}

Respiração

<p>Conforme Manuel Lezaeta menciona em Medicina Natural ao Alcance de todos, Hipócrates afirmava que o ar é o primeiro alimento e o primeiro medicamento.</p>
<p>Samael Aun Weor, em seu livro A Medicina de Alden, assevera o seguinte:</p>
<p><em>&#8220;A humanidade adquiriu o mau costume de respirar superficialmente e dentro de um ritmo muito curto. O recém−nascido absorve uma respiração longa e profunda&#8230;</em><em> O homem idoso dá um débil suspiro, cessa de respirar e sua vida está acabada&#8230;&#8221;</em></p>
<p><em><strong>&#8220;&#8230;O controle inteligente da nossa faculdade de respirar prolongará nossos dias sobre a Terra, mediante o acréscimo de vitalidade e poder de resistência. Por outro lado, a respiração descuidada tenderá a encurtar nossos dias, pelo decréscimo de nossa vitalidade, deixando−nos à mercê da doença.&#8221;</strong></em></p>
<p><em>“O homem em seu estado normal não carecia de instruções a respeito de como respirar. A exemplo dos animais inferiores e das crianças, respirava natural e convenientemente, tal como a Natureza o quis. A civilização o modificou neste particular, assim como em outros também. Contraiu métodos e atitudes impróprias de caminhar, sentar, ficar de pé, os quais lhe privaram do seu direito de respirar natural e corretamente. A civilização pagou um alto preço.&#8221;</em></p>
<p><em>&#8220;Eminentes autoridades costumam dizer que bastaria uma geração de respiradores corretos para regenerar a raça.&#8221;</em></p>
<p>Lobsang Rampa, no capítulo 10 de seu livro O Médico de Lhasa, afirma que, durante a Segunda Guerra Mundial, como havia total falta de recursos no campo de concentração em que estava prisioneiro, lançava mão de técnicas respiratórias para curar seus pacientes. O saite <a href="http://www.lobsangrampa.org/portugues/respiracao.html" target="_blank">http://www.lobsangrampa.org/portugues/respiracao.html</a> procura reproduzir essas técnicas.</p>
<p>Recomenamos ainda o saite <a href="http://www.saudeintegral.com/artigos/respirar-e-viver.html" target="_blank">http://www.saudeintegral.com/artigos/respirar-e-viver.html</a></p>
<p>Também, o saite <a href="http://www2.uol.com.br/vyaestelar/medicinatradchinesa_respirar.htm" target="_blank">http://www2.uol.com.br/vyaestelar/medicinatradchinesa_respirar.htm</a>,  que versa sobre respiração, ensina:<br />
<strong>&#8220;Respirar certo = respirar pausadamente e profundamente&#8221;</strong><em></em></p>
<div class='shareinpost'><ul class="socialwrap row"><li class="iconOnly"><a rel="nofollow" target="_blank" href="http://delicious.com/post?url=https%3A%2F%2Fcuracompletaparaomelasma.seublog.net%2F%3Fpage_id%3D263&amp;title=Respira%C3%A7%C3%A3o" title="Bookmark this post : Respiração on Delicious" ><img loading="lazy" decoding="async" src="http://curacompletaparaomelasma.seublog.net/wp-content/plugins/share-and-follow/images/blank.gif" height="32" style="background: transparent url(http://curacompletaparaomelasma.seublog.net/wp-content/plugins/share-and-follow/default/32/sprite-32.png) no-repeat;padding:0;margin:0;height:32px;width:32px;background-position:-198px 0px" class="image-32" width="32" alt="delicious"/> <span class="head">Bookmark on Delicious</span></a></li><li class="iconOnly"><a rel="nofollow" target="_blank" href="http://digg.com/submit?url=https%3A%2F%2Fcuracompletaparaomelasma.seublog.net%2F%3Fpage_id%3D263&amp;title=Respira%C3%A7%C3%A3o&amp;bodytext=Conforme+Manuel+Lezaeta+menciona+em+Medicina+Natural+ao+Alcance+de+todos%2C+Hip%C3%B3crates+afirmava+que+o+ar+%C3%A9+o+primeiro+alimento+e+o+primeiro+medicamento.%0D%0A%0D%0ASamael+Aun+Weor%2C+em+seu+livro+A+Medicina+de+Alden%2C+assevera+o+seguinte%3A%0D%0A%0D%0A%22A+humanidade+adquiriu+o+mau+costume+de+respirar+superficialmente+e+dentro+de+um%C2%A0ritmo+m" title="Digg this post : Respiração" ><img loading="lazy" decoding="async" src="http://curacompletaparaomelasma.seublog.net/wp-content/plugins/share-and-follow/images/blank.gif" height="32" style="background: transparent url(http://curacompletaparaomelasma.seublog.net/wp-content/plugins/share-and-follow/default/32/sprite-32.png) no-repeat;padding:0;margin:0;height:32px;width:32px;background-position:-264px 0px" class="image-32" width="32" alt="digg"/> <span class="head">Digg this post</span></a></li><li class="iconOnly"><a rel="nofollow" target="_blank" href="http://www.facebook.com/sharer.php?u=https%3A%2F%2Fcuracompletaparaomelasma.seublog.net%2F%3Fpage_id%3D263&amp;t=Respira%C3%A7%C3%A3o" title="Recommend this post : Respiração on Facebook" ><img loading="lazy" decoding="async" src="http://curacompletaparaomelasma.seublog.net/wp-content/plugins/share-and-follow/images/blank.gif" height="32" style="background: transparent url(http://curacompletaparaomelasma.seublog.net/wp-content/plugins/share-and-follow/default/32/sprite-32.png) no-repeat;padding:0;margin:0;height:32px;width:32px;background-position:-363px 0px" class="image-32" width="32" alt="facebook"/> <span class="head">Recommend on Facebook</span></a></li><li class="iconOnly"><a rel="nofollow" target="_blank" href="http://www.reddit.com/submit?url=https%3A%2F%2Fcuracompletaparaomelasma.seublog.net%2F%3Fpage_id%3D263&amp;title=Respira%C3%A7%C3%A3o" title="Share this post : Respiração on Reddit" ><img loading="lazy" decoding="async" src="http://curacompletaparaomelasma.seublog.net/wp-content/plugins/share-and-follow/images/blank.gif" height="32" style="background: transparent url(http://curacompletaparaomelasma.seublog.net/wp-content/plugins/share-and-follow/default/32/sprite-32.png) no-repeat;padding:0;margin:0;height:32px;width:32px;background-position:-1419px 0px" class="image-32" width="32" alt="reddit"/> <span class="head">share via Reddit</span></a></li><li class="iconOnly"><a rel="nofollow" target="_blank" href="http://www.stumbleupon.com/submit?url=https%3A%2F%2Fcuracompletaparaomelasma.seublog.net%2F%3Fpage_id%3D263&amp;title=Respira%C3%A7%C3%A3o" title="Share this post : Respiração with Stumblers" ><img loading="lazy" decoding="async" src="http://curacompletaparaomelasma.seublog.net/wp-content/plugins/share-and-follow/images/blank.gif" height="32" style="background: transparent url(http://curacompletaparaomelasma.seublog.net/wp-content/plugins/share-and-follow/default/32/sprite-32.png) no-repeat;padding:0;margin:0;height:32px;width:32px;background-position:-1617px 0px" class="image-32" width="32" alt="stumble"/> <span class="head">Share with Stumblers</span></a></li><li class="iconOnly"><a rel="nofollow" target="_blank" href="http://twitter.com/home/?status=https%3A%2F%2Fcuracompletaparaomelasma.seublog.net%2F%3Fpage_id%3D263" title="Tweet this post : Respiração on Twitter" ><img loading="lazy" decoding="async" src="http://curacompletaparaomelasma.seublog.net/wp-content/plugins/share-and-follow/images/blank.gif" height="32" style="background: transparent url(http://curacompletaparaomelasma.seublog.net/wp-content/plugins/share-and-follow/default/32/sprite-32.png) no-repeat;padding:0;margin:0;height:32px;width:32px;background-position:-1749px 0px" class="image-32"  width="32"  alt="twitter"/> <span class="head">Tweet about it</span></a></li><li class="iconOnly"><a rel="_self" href="https://curacompletaparaomelasma.seublog.net/?page_id=263&feed=rss2" title="Follow this post : Respiração comments"><img loading="lazy" decoding="async" src="http://curacompletaparaomelasma.seublog.net/wp-content/plugins/share-and-follow/images/blank.gif" height="32"  width="32" style="background: transparent url(http://curacompletaparaomelasma.seublog.net/wp-content/plugins/share-and-follow/default/32/sprite-32.png) no-repeat;padding:0;margin:0;height:32px;width:32px;background-position:-1452px 0px" class="image-32"  alt="rss" /> <span class="head">Subscribe to the comments on this post</span></a></li></ul><div class="clean"></div> </div>

<p>Conforme Manuel Lezaeta menciona em Medicina Natural ao Alcance de todos, Hipócrates afirmava que o ar é o primeiro alimento e o primeiro medicamento. Samael Aun Weor, em seu livro A Medicina de Alden, assevera o seguinte: &#8220;A humanidade adquiriu &hellip; <a href="https://curacompletaparaomelasma.seublog.net/?page_id=263">Continue lendo <span class="meta-nav">&rarr;</span></a></p>
