{"id":498,"date":"2013-04-03T15:58:21","date_gmt":"2013-04-03T18:58:21","guid":{"rendered":"http:\/\/curacompletaparaomelasma.seublog.net\/?page_id=498"},"modified":"2013-07-09T20:50:17","modified_gmt":"2013-07-09T23:50:17","slug":"limpeza-do-colon","status":"publish","type":"page","link":"https:\/\/curacompletaparaomelasma.seublog.net\/?page_id=498","title":{"rendered":"Limpeza do C\u00f3lon"},"content":{"rendered":"<p>Vamos frisar, nesta p\u00e1gina, informa\u00e7\u00f5es do livro TISSUE CLEANSING THROUGH BOWEL MANAGEMENT (A L<em>impeza<\/em> dos Tecidos Atrav\u00e9s do Intestino) do norte-americano Bernard Jensen.<\/p>\n<p>Esse livro pode ser obtido a partir deste link: <a href=\"http:\/\/cleansing.beinsa.info\/books\/cleansing.pdf\" target=\"_blank\"> http:\/\/cleansing.beinsa.info\/books\/cleansing.pdf<\/a><\/p>\n<p>(Obs.: Aconselhamos o leitor a dirigir-se \u00e0s paginas de n\u00famero 97 a 106 e ver as impressionates imagens de dejetos retirados do intestino de pacientes por meio do m\u00e9todo indicado no livro; as outras imagens desse intervalo representa a evolu\u00e7\u00e3o da cura de gente que se submeteu ao m\u00e9todo. Esse m\u00e9todo ser\u00e1 descrito no fim desta p\u00e1gina.)<\/p>\n<p>H\u00e1 tamb\u00e9m men\u00e7\u00e3o sobre a limpeza dos intestinos no livro A Surpreendente Limpeza do f\u00edgado e da Ves\u00edcula. J\u00e1 falamos \u00a0sobre a limpeza do c\u00f3lon falada nesse livro na p\u00e1gina Como Limpar o F\u00edgado e a Ves\u00edcula; repetiremos aquelas informa\u00e7\u00f5es nesta p\u00e1gina.<\/p>\n<p>Entretanto, h\u00e1 diversas fontes sobre o tema. J\u00e1 transcrevemos, noutra p\u00e1gina deste saite, o seguinte trecho do livro Medicina Natural ao Alcance de Todos sobre pris\u00e3o de ventre:<\/p>\n<p>\u201cTodas as doen\u00e7as pr\u00f3prias da mulher geralmente n\u00e3o tem outra causa, sendo as varizes, flebites, hemorroidas, fluxos vaginais, transtornos da menstrua\u00e7\u00e3o, tumores, histerismo, <strong>afec\u00e7\u00f5es <\/strong>sexuais e <strong>da pele<\/strong>, etc., consequ\u00eancia pr\u00f3xima ou remota da pris\u00e3o de ventre.\u201d (Grifo nosso.)<\/p>\n<p>De fato, o autor desse livro, Manuel Lezaeta, afirma que a pris\u00e3o de ventre \u00e9 a mais letal de todas as doen\u00e7as. Mas o mais impressionante \u00e9 o fato de que se a pessoa evacua diariamente uma ou mais vezes isso n\u00e3o significa que ela n\u00e3o tenha problemas digestivos e intestinais. Convidamos ao leitor a refletir profundamente sobre o assunto, o que pode levar a pr\u00e1ticas salutares e assim resultar numa vida mais longa e saud\u00e1vel, com efeito determinante sobre a pele.<\/p>\n<p>A grande verdade \u00e9 que quase todas as pessoas tem os intestinos profundamente congestionados. Os res\u00edduos alimentares permanecem aderidos nas paredes intestinais por anos e at\u00e9 por d\u00e9cadas, causando cada vez mais e mais transtornos. O livro mencionado no in\u00edcio desta p\u00e1gina menciona que h\u00e1 casos de pacientes que ap\u00f3s sua morte foi encontrada em seus intestinos tanta mat\u00e9ria m\u00f3rbida aderida nas paredes que s\u00f3 havia passagem correspondente ao di\u00e2metro de uma caneta.<\/p>\n<p>Como a absor\u00e7\u00e3o da maioria dos nutrientes se d\u00e1 a partir dos intestinos, se eles se congestionam ocorre grave interfer\u00eancia na absor\u00e7\u00e3o dos nutrientes. H\u00e1, tamb\u00e9m, intoxica\u00e7\u00e3o do sangue a partir desses dejetos, o qual inunda o sistema nervoso, irrigando-o com material de m\u00e1 qualidade. O sistema nervoso \u00e9 que transmite ao corpo a energia vital; se intoxicado, toda a vitalidade fica seriamente comprometida. Ademais, com tanta toxidade, o f\u00edgado \u00e9 obrigado a trabalhar de forma mais \u00e1rdua, tornando menos eficientes suas fun\u00e7\u00f5es. J\u00e1 vimos que o f\u00edgado \u00e9 respons\u00e1vel pelo funcionamento de todas as c\u00e9lulas do organismo e que \u00e9 comum chamarem ao melasma &#8220;manchas de f\u00edgado&#8221;. Assim, os res\u00edduos acumulados nos intestinos resultam uma sa\u00fade cada vez mais debilitada.<\/p>\n<p>Veja este interessante trecho de Andreas Moritz (A Surpreendente Limpeza do F\u00edgado e da Ves\u00edcula), retirado do cap\u00edtulo cinco (Regras Simples para Evitar a Forma\u00e7\u00e3o de C\u00e1lculos), item dois (Mantenha seu C\u00f3lon Limpo):<\/p>\n<p>&#8220;<em>Um intestino grosso d\u00e9bil, irritado e congestionado, se converte em\u00a0campo f\u00e9rtil para a apari\u00e7\u00e3o de bact\u00e9rias nocivas. Isto significa que metabolizam materiais das fezes\u00a0potencialmente danosos. Um efeito secund\u00e1rio dessas atividades s\u00e3o as\u00a0subst\u00e2ncias t\u00f3xicas produzidas pelos micr\u00f3bios. Algumas dessas toxinas\u00a0produzidas pelas bact\u00e9rias entram na corrente \u00a0sangu\u00ednea, a qual as conduz\u00a0diretamente para o f\u00edgado. A<\/em>\u00a0constante\u00a0exposi\u00e7\u00e3o\u00a0das c\u00e9lulas hep\u00e1ticas a\u00a0essas toxinas inibe seu desempenho&#8230;&#8221;<\/p>\n<p>Esse trecho explica bem o que j\u00e1 dissemos em outras partes deste saite sobre o fato de que um intestino problem\u00e1tico gera problemas para o f\u00edgado.<\/p>\n<p>O seguinte v\u00eddeo ilustra um pouco os problemas intestinais. Observem-se os 5min30s, quando o depoente menciona o desaparecimento de suas manchas no rosto ap\u00f3s o tratamento de limpeza intestinal:<\/p>\n<p>&nbsp;<\/p>\n<p>http:\/\/www.youtube.com\/watch?v=HLcPEo0E_Co<\/p>\n<p>&nbsp;<\/p>\n<p>A seguir, mencionaremos m\u00e9todos para a limpeza dos intestinos.<\/p>\n<p>(Obs.: \u00c9 importante lembrar que, quando se realiza a limpeza do f\u00edgado, mencionada na p\u00e1gina respectiva, neste blog, deve-se realizar uma limpeza do c\u00f3lon antes do dia em que saem as pedras e outra depois.)<\/p>\n<p>O \u00edtem dois do cap\u00edtulo cinco (mencionado acima) do livro de Andreas Moritz enumera m\u00e9todos para limpar o c\u00f3lon:<\/p>\n<p>1) As chamadas irriga\u00e7\u00f5es col\u00f4nicas, tamb\u00e9m chamadas hidroterapia do c\u00f3lon. Segundo o autor, dura de 30 a 50 minutos. Usam-se de tr\u00eas a seis litros de \u00e1gua e, juntamente com massagens abdominais fazem que dep\u00f3sitos antigos de dejetos presos nas paredes dos intestinos se desprendam. \u00c9 um procedimento cl\u00ednico e voc\u00ea deve consultar um especialista da \u00e1rea.<\/p>\n<p>2) &#8220;<em>Se voc\u00ea n\u00e3o pode buscar a ajuda de um especialista do c\u00f3lon, pode \u00a0talvez\u00a0beneficiar-se usando o colema board&#8230; como uma\u00a0segunda op\u00e7\u00e3o. O <\/em>colema board<em>\u00a0lhe permite limpar o c\u00f3lon na\u00a0comodidade de seu lar&#8230; &#8220;<\/em><\/p>\n<p>Sobre esse aparelho, j\u00e1 falamos no final da p\u00e1gina\u00a0<a href=\"http:\/\/curacompletaparaomelasma.seublog.net\/?page_id=496\">http:\/\/curacompletaparaomelasma.seublog.net\/?page_id=496<\/a>. Vamos reproduzir esse texto: (mas, antes, vamos lembrar que foi concebida um equipamento caseiro que pode ser usado para fazer enema profundo que voc\u00ea pode fazer em casa, conforme explica o link<\/p>\n<p><iframe loading=\"lazy\" title=\"lavagem \/ limpeza intestinal profunda - equipamento para enema \/ clister caseiro\" width=\"640\" height=\"480\" src=\"https:\/\/www.youtube.com\/embed\/MInnj1U2874?feature=oembed\" frameborder=\"0\" allow=\"accelerometer; autoplay; clipboard-write; encrypted-media; gyroscope; picture-in-picture; web-share\" referrerpolicy=\"strict-origin-when-cross-origin\" allowfullscreen><\/iframe><\/p>\n<p>&#8220;O\u00a0<em>colema board<\/em>\u00a0\u00e9 uma aparelho vendido pelo saite norte-americano \u00a0<a href=\"http:\/\/www.colema.com\/\" target=\"_blank\">http:\/\/www.colema.com\/<\/a>. H\u00e1 v\u00e1rios v\u00eddeos sobre seu funcionamento, cujos links seguem no final desta p\u00e1gina.\u00a0Durante o uso desse aparelho, a \u00e1gua entra pelo canal do reto, lavando todo o c\u00f3lon; quando se d\u00e3o os movimentos perist\u00e1lticos intestinais, o paciente pode eliminar os excrementos sem retirar o tubo do reto. S\u00e3o aterrorizantes as imagens mostradas no livro que indicamos em \u00a0\u00a0<a href=\"http:\/\/curacompletaparaomelasma.seublog.net\/?page_id=498\">http:\/\/curacompletaparaomelasma.seublog.net\/?page_id=498\u00a0<\/a>dos dejetos evacuados do c\u00f3lon mediante o m\u00e9todo indicado nesse livro, o qual envolve esse aparelho.&#8221;<\/p>\n<p>No final dessa \u00faltima p\u00e1gina indicada acima h\u00e1 tr\u00eas v\u00eddeos explicativos sobre o funcionamento do <em>colema board<\/em>.<\/p>\n<p>Construa sua vers\u00e3o desse aparelho, conforme foi concebida e mencionada no link acima e no final da \u00faltima p\u00e1gina mencionada acima.<\/p>\n<p>3) Uma outra forma de se limpar o c\u00f3lon \u00e9 por meio dos sais de epson (sulfato de magn\u00e9sio). Segundo Andreas Moritz, esse m\u00e9todo limpa n\u00e3o apenas o c\u00f3lon, mas tamb\u00e9m o intestino delgado. Consiste em se misturar, diariamente, durante tr\u00eas semanas, uma colher de ch\u00e1 dessa subst\u00e2ncia que se compra em farm\u00e1cias com um copo de \u00e1gua morna e tomar na primeira hora da manh\u00e3. Esse processo limpa muito das placas, res\u00edduos e parasitas que ficam aderidos \u00e0 parede intestinal. Este tratamento pode ser feito tr\u00eas vezes ao ano.<\/p>\n<p>4) H\u00e1 outros m\u00e9todos, como o que utiliza o \u00f3leo de r\u00edcino. Deve ser tomado misturando-se tr\u00eas colheres de ch\u00e1 em um ter\u00e7o de copo d&#8217;\u00e1gua em jejum pela manh\u00e3 ou \u00e0 noite antes de dormir.<\/p>\n<p>5) Uma colherada de suco de aloe vera dilu\u00eddo em um pouco de \u00e1gua antes das refei\u00e7\u00f5es, ou pelo menos uma vez ao dia antes do desjejum, tamb\u00e9m \u00e9 um \u00f3timo m\u00e9todo para se limpar os intestinos.<\/p>\n<p>6) O m\u00e9todo descrito no livro sobre o qual se falou no in\u00edcio desta p\u00e1gina \u00e9 bastante radical. Consiste em se fazer uma dieta especial, por sete dias, durante os quais se tomam apenas as subst\u00e2ncias indicadas pelo autor. Nesse per\u00edodo, pratica-se a limpeza de intestino por meio do aparelho <em>colema board<\/em> duas ou tr\u00eas vezes por dia (o aparelho de enema profundo que concebemos, cujo link encontra-se nesse blog, \u00a0substitui esse aparelho). \u00c9 por meio desse sistema que se retiraram os dejetos cujas imagens s\u00e3o espantosas de que se falou no in\u00edcio desta p\u00e1gina.<\/p>\n<p>Como os voc\u00e1bulos que designam as subst\u00e2ncias recomendadas pelo autor est\u00e3o em ingl\u00eas, estamos com dificuldades em traduzir os termos; desconfiamos que alguns desses produtos podem ser substitu\u00eddos por outros. Estamos estudando o assunto e esperamos trazer mais luz aos leitores sobre o assunto no futuro.<\/p>\n<p>Quem se interessar por detalhes dessa limpeza e dos produtos, favor deixar um coment\u00e1rio neste blog, que teremos prazer em responder e adiantar algo sobre o tema.<\/p>\n<p>&nbsp;<\/p>\n<p><span style=\"font-size: 16px\">\u00a0<\/span><\/p>\n<p>&nbsp;<\/p>\n<p>&nbsp;<\/p>\n<p>&nbsp;<\/p>\n<p><a href=\"http:\/\/www.youtube.com\/watch?v=HLcPEo0E_Co\">\u00a0<\/a><\/p>\n<p>&nbsp;<\/p>\n<div class='shareinpost'><ul class=\"socialwrap row\"><li class=\"iconOnly\"><a rel=\"nofollow\" target=\"_blank\" href=\"http:\/\/delicious.com\/post?url=https%3A%2F%2Fcuracompletaparaomelasma.seublog.net%2F%3Fpage_id%3D498&amp;title=Limpeza+do+C%C3%B3lon\" title=\"Bookmark this post : Limpeza do C\u00f3lon on Delicious\" ><img loading=\"lazy\" decoding=\"async\" src=\"http:\/\/curacompletaparaomelasma.seublog.net\/wp-content\/plugins\/share-and-follow\/images\/blank.gif\" height=\"32\" style=\"background: transparent url(http:\/\/curacompletaparaomelasma.seublog.net\/wp-content\/plugins\/share-and-follow\/default\/32\/sprite-32.png) no-repeat;padding:0;margin:0;height:32px;width:32px;background-position:-198px 0px\" class=\"image-32\" width=\"32\" alt=\"delicious\"\/> <span class=\"head\">Bookmark on Delicious<\/span><\/a><\/li><li class=\"iconOnly\"><a rel=\"nofollow\" target=\"_blank\" href=\"http:\/\/digg.com\/submit?url=https%3A%2F%2Fcuracompletaparaomelasma.seublog.net%2F%3Fpage_id%3D498&amp;title=Limpeza+do+C%C3%B3lon&amp;bodytext=Vamos+frisar%2C+nesta+p%C3%A1gina%2C+informa%C3%A7%C3%B5es+do+livro+TISSUE+CLEANSING+THROUGH+BOWEL+MANAGEMENT+%28A+Limpeza+dos+Tecidos+Atrav%C3%A9s+do+Intestino%29+do+norte-americano+Bernard+Jensen.%0D%0A%0D%0AEsse+livro+pode+ser+obtido+a+partir+deste+link%3A++http%3A%2F%2Fcleansing.beinsa.info%2Fbooks%2Fcleansing.pdf%0D%0A%0D%0A%28Obs.%3A+Aconselhamos+o+leitor+a+dirigir-se\" title=\"Digg this post : Limpeza do C\u00f3lon\" ><img loading=\"lazy\" decoding=\"async\" src=\"http:\/\/curacompletaparaomelasma.seublog.net\/wp-content\/plugins\/share-and-follow\/images\/blank.gif\" height=\"32\" style=\"background: transparent url(http:\/\/curacompletaparaomelasma.seublog.net\/wp-content\/plugins\/share-and-follow\/default\/32\/sprite-32.png) no-repeat;padding:0;margin:0;height:32px;width:32px;background-position:-264px 0px\" class=\"image-32\" width=\"32\" alt=\"digg\"\/> <span class=\"head\">Digg this post<\/span><\/a><\/li><li class=\"iconOnly\"><a rel=\"nofollow\" target=\"_blank\" href=\"http:\/\/www.facebook.com\/sharer.php?u=https%3A%2F%2Fcuracompletaparaomelasma.seublog.net%2F%3Fpage_id%3D498&amp;t=Limpeza+do+C%C3%B3lon\" title=\"Recommend this post : Limpeza do C\u00f3lon on Facebook\" ><img loading=\"lazy\" decoding=\"async\" src=\"http:\/\/curacompletaparaomelasma.seublog.net\/wp-content\/plugins\/share-and-follow\/images\/blank.gif\" height=\"32\" style=\"background: transparent url(http:\/\/curacompletaparaomelasma.seublog.net\/wp-content\/plugins\/share-and-follow\/default\/32\/sprite-32.png) no-repeat;padding:0;margin:0;height:32px;width:32px;background-position:-363px 0px\" class=\"image-32\" width=\"32\" alt=\"facebook\"\/> <span class=\"head\">Recommend on Facebook<\/span><\/a><\/li><li class=\"iconOnly\"><a rel=\"nofollow\" target=\"_blank\" href=\"http:\/\/www.reddit.com\/submit?url=https%3A%2F%2Fcuracompletaparaomelasma.seublog.net%2F%3Fpage_id%3D498&amp;title=Limpeza+do+C%C3%B3lon\" title=\"Share this post : Limpeza do C\u00f3lon on Reddit\" ><img loading=\"lazy\" decoding=\"async\" src=\"http:\/\/curacompletaparaomelasma.seublog.net\/wp-content\/plugins\/share-and-follow\/images\/blank.gif\" height=\"32\" style=\"background: transparent url(http:\/\/curacompletaparaomelasma.seublog.net\/wp-content\/plugins\/share-and-follow\/default\/32\/sprite-32.png) no-repeat;padding:0;margin:0;height:32px;width:32px;background-position:-1419px 0px\" class=\"image-32\" width=\"32\" alt=\"reddit\"\/> <span class=\"head\">share via Reddit<\/span><\/a><\/li><li class=\"iconOnly\"><a rel=\"nofollow\" target=\"_blank\" href=\"http:\/\/www.stumbleupon.com\/submit?url=https%3A%2F%2Fcuracompletaparaomelasma.seublog.net%2F%3Fpage_id%3D498&amp;title=Limpeza+do+C%C3%B3lon\" title=\"Share this post : Limpeza do C\u00f3lon with Stumblers\" ><img loading=\"lazy\" decoding=\"async\" src=\"http:\/\/curacompletaparaomelasma.seublog.net\/wp-content\/plugins\/share-and-follow\/images\/blank.gif\" height=\"32\" style=\"background: transparent url(http:\/\/curacompletaparaomelasma.seublog.net\/wp-content\/plugins\/share-and-follow\/default\/32\/sprite-32.png) no-repeat;padding:0;margin:0;height:32px;width:32px;background-position:-1617px 0px\" class=\"image-32\" width=\"32\" alt=\"stumble\"\/> <span class=\"head\">Share with Stumblers<\/span><\/a><\/li><li class=\"iconOnly\"><a rel=\"nofollow\" target=\"_blank\" href=\"http:\/\/twitter.com\/home\/?status=https%3A%2F%2Fcuracompletaparaomelasma.seublog.net%2F%3Fpage_id%3D498\" title=\"Tweet this post : Limpeza do C\u00f3lon on Twitter\" ><img loading=\"lazy\" decoding=\"async\" src=\"http:\/\/curacompletaparaomelasma.seublog.net\/wp-content\/plugins\/share-and-follow\/images\/blank.gif\" height=\"32\" style=\"background: transparent url(http:\/\/curacompletaparaomelasma.seublog.net\/wp-content\/plugins\/share-and-follow\/default\/32\/sprite-32.png) no-repeat;padding:0;margin:0;height:32px;width:32px;background-position:-1749px 0px\" class=\"image-32\"  width=\"32\"  alt=\"twitter\"\/> <span class=\"head\">Tweet about it<\/span><\/a><\/li><li class=\"iconOnly\"><a rel=\"_self\" href=\"https:\/\/curacompletaparaomelasma.seublog.net\/?page_id=498&feed=rss2\" title=\"Follow this post : Limpeza do C\u00f3lon comments\"><img loading=\"lazy\" decoding=\"async\" src=\"http:\/\/curacompletaparaomelasma.seublog.net\/wp-content\/plugins\/share-and-follow\/images\/blank.gif\" height=\"32\"  width=\"32\" style=\"background: transparent url(http:\/\/curacompletaparaomelasma.seublog.net\/wp-content\/plugins\/share-and-follow\/default\/32\/sprite-32.png) no-repeat;padding:0;margin:0;height:32px;width:32px;background-position:-1452px 0px\" class=\"image-32\"  alt=\"rss\" \/> <span class=\"head\">Subscribe to the comments on this post<\/span><\/a><\/li><\/ul><div class=\"clean\"><\/div> <\/div>","protected":false},"excerpt":{"rendered":"<p>Vamos frisar, nesta p\u00e1gina, informa\u00e7\u00f5es do livro TISSUE CLEANSING THROUGH BOWEL MANAGEMENT (A Limpeza dos Tecidos Atrav\u00e9s do Intestino) do norte-americano Bernard Jensen. Esse livro pode ser obtido a partir deste link: http:\/\/cleansing.beinsa.info\/books\/cleansing.pdf (Obs.: Aconselhamos o leitor a dirigir-se \u00e0s &hellip; <a href=\"https:\/\/curacompletaparaomelasma.seublog.net\/?page_id=498\">Continue lendo <span class=\"meta-nav\">&rarr;<\/span><\/a><\/p>\n","protected":false},"author":2112,"featured_media":0,"parent":0,"menu_order":0,"comment_status":"open","ping_status":"open","template":"","meta":{"footnotes":""},"class_list":["post-498","page","type-page","status-publish","hentry"],"_links":{"self":[{"href":"https:\/\/curacompletaparaomelasma.seublog.net\/index.php?rest_route=\/wp\/v2\/pages\/498","targetHints":{"allow":["GET"]}}],"collection":[{"href":"https:\/\/curacompletaparaomelasma.seublog.net\/index.php?rest_route=\/wp\/v2\/pages"}],"about":[{"href":"https:\/\/curacompletaparaomelasma.seublog.net\/index.php?rest_route=\/wp\/v2\/types\/page"}],"author":[{"embeddable":true,"href":"https:\/\/curacompletaparaomelasma.seublog.net\/index.php?rest_route=\/wp\/v2\/users\/2112"}],"replies":[{"embeddable":true,"href":"https:\/\/curacompletaparaomelasma.seublog.net\/index.php?rest_route=%2Fwp%2Fv2%2Fcomments&post=498"}],"version-history":[{"count":25,"href":"https:\/\/curacompletaparaomelasma.seublog.net\/index.php?rest_route=\/wp\/v2\/pages\/498\/revisions"}],"predecessor-version":[{"id":522,"href":"https:\/\/curacompletaparaomelasma.seublog.net\/index.php?rest_route=\/wp\/v2\/pages\/498\/revisions\/522"}],"wp:attachment":[{"href":"https:\/\/curacompletaparaomelasma.seublog.net\/index.php?rest_route=%2Fwp%2Fv2%2Fmedia&parent=498"}],"curies":[{"name":"wp","href":"https:\/\/api.w.org\/{rel}","templated":true}]}}