{"id":711,"date":"2013-07-26T21:14:17","date_gmt":"2013-07-27T00:14:17","guid":{"rendered":"http:\/\/curacompletaparaomelasma.seublog.net\/?page_id=711"},"modified":"2013-07-30T19:43:24","modified_gmt":"2013-07-30T22:43:24","slug":"limpeza-do-pulmao","status":"publish","type":"page","link":"https:\/\/curacompletaparaomelasma.seublog.net\/?page_id=711","title":{"rendered":"Limpeza dos pulm\u00f5es"},"content":{"rendered":"<p>Segundo a medicina tradicional chinesa, a ocorr\u00eancia do melasma pode se dar devido a uma desarmonia do canal do pulm\u00e3o e o cora\u00e7\u00e3o, o que, de acordo com essa ci\u00eancia, est\u00e1 principalmente relacionado com aspectos de fundo emocional (veja, neste blog, a p\u00e1gina \u201cfatores emocionais\u201d &#8211;<a href=\"http:\/\/curacompletaparaomelasma.seublog.net\/?page_id=610\"> http:\/\/curacompletaparaomelasma.seublog.net\/?page_id=610<\/a>). O pulm\u00e3o est\u00e1 relacionado com a tristeza. Uma pessoa constantemente triste, angustiada, deprimida \u00e9 doente e deve buscar curar-se desse mal. Uma pessoa saud\u00e1vel \u00e9 naturalmente alegre, e temos de conquistar essa virtude.<\/p>\n<p>Devemos acreditar que os fatores emocionais s\u00e3o mais importantes para a ocorr\u00eancia de dist\u00farbios org\u00e2nicos do que normalmente imaginamos. O pulm\u00e3o \u00e9 um \u00f3rg\u00e3o de reserva de energia vital e da habilidade de aceitar a vida. A pele est\u00e1 ligada diretamente ao pulm\u00e3o.<\/p>\n<p>A acupuntura procura, ao tratar problemas de pele, tonificar, entre outras coisas, os pontos do pulm\u00e3o. Mas podemos tonificar esse \u00f3rg\u00e3o de outras maneiras, com o que estaremos ajudando n\u00e3o apenas nossa pele, mas toda a nossa sa\u00fade.<br \/>\nAl\u00e9m do link supracitado, recomendamos tamb\u00e9m a p\u00e1gina deste blog denominada \u201cRespira\u00e7\u00e3o\u201d (<a href=\"http:\/\/curacompletaparaomelasma.seublog.net\/?page_id=263\">http:\/\/curacompletaparaomelasma.seublog.net\/?page_id=263<\/a>).<\/p>\n<p>Manuel Lezaeta (<a href=\"http:\/\/curacompletaparaomelasma.seublog.net\/?page_id=34\">http:\/\/curacompletaparaomelasma.seublog.net\/?page_id=34<\/a>) afirma que se dormirmos com a janela aberta todo o ano, respirando ar puro, teremos pele bonita sem precisar de nenhum artif\u00edcio.<\/p>\n<p>Encontramos na rede v\u00e1rias p\u00e1ginas versando sobre limpeza do pulm\u00e3o. Embora n\u00e3o tenhamos achado em nenhum lugar men\u00e7\u00e3o de que essa limpeza ajude os problemas de pele, resolvemos incluir esse item neste blog, j\u00e1 que, pelo que se explanou acima, fica l\u00f3gico que deve sim haver liga\u00e7\u00e3o entre a limpeza do pulm\u00e3o e a solu\u00e7\u00e3o de problemas de pele.<\/p>\n<p>Esperamos que o leitor possa nos ajudar a pesquisar e aclarar mais esses pontos, enviando-nos coment\u00e1rios. De qualquer forma, tudo o que estas pr\u00e1ticas podem fazer \u00e9 ajudar com a melhora de nossa sa\u00fade, o que, ainda que indiretamente, estar\u00e1 cooperando com problemas de pele que tenhamos.<\/p>\n<p>Veja, abaixo, links sobre a limpeza do pulm\u00e3o, e lembre-se do que temos repetido neste blog a respeito de refletir sempre sobre todas as informa\u00e7\u00f5es que no chegam antes de refut\u00e1-las ou aceit\u00e1-las mecanicamente.<\/p>\n<p><a href=\"http:\/\/saudeesaudenatural.blogspot.com.br\/2012\/07\/dicas-para-limpar-o-pulmao.html\" target=\"_blank\">http:\/\/saudeesaudenatural.blogspot.com.br\/2012\/07\/dicas-para-limpar-o-pulmao.html<\/a><\/p>\n<p><a href=\"http:\/\/saude.umcomo.com.br\/articulo\/como-limpar-os-pulmoes-do-cigarro-23.html\" target=\"_blank\">http:\/\/saude.umcomo.com.br\/articulo\/como-limpar-os-pulmoes-do-cigarro-23.html<\/a><\/p>\n<p><a href=\"http:\/\/www.youtube.com\/watch?v=AOqW-y7Y6uI\">\u00a0<\/a><\/p>\n<p>http:\/\/www.youtube.com\/watch?v=AOqW-y7Y6uI<\/p>\n<div class='shareinpost'><ul class=\"socialwrap row\"><li class=\"iconOnly\"><a rel=\"nofollow\" target=\"_blank\" href=\"http:\/\/delicious.com\/post?url=https%3A%2F%2Fcuracompletaparaomelasma.seublog.net%2F%3Fpage_id%3D711&amp;title=Limpeza+dos+pulm%C3%B5es\" title=\"Bookmark this post : Limpeza dos pulm\u00f5es on Delicious\" ><img loading=\"lazy\" decoding=\"async\" src=\"http:\/\/curacompletaparaomelasma.seublog.net\/wp-content\/plugins\/share-and-follow\/images\/blank.gif\" height=\"32\" style=\"background: transparent url(http:\/\/curacompletaparaomelasma.seublog.net\/wp-content\/plugins\/share-and-follow\/default\/32\/sprite-32.png) no-repeat;padding:0;margin:0;height:32px;width:32px;background-position:-198px 0px\" class=\"image-32\" width=\"32\" alt=\"delicious\"\/> <span class=\"head\">Bookmark on Delicious<\/span><\/a><\/li><li class=\"iconOnly\"><a rel=\"nofollow\" target=\"_blank\" href=\"http:\/\/digg.com\/submit?url=https%3A%2F%2Fcuracompletaparaomelasma.seublog.net%2F%3Fpage_id%3D711&amp;title=Limpeza+dos+pulm%C3%B5es&amp;bodytext=Segundo+a+medicina+tradicional+chinesa%2C+a+ocorr%C3%AAncia+do+melasma+pode+se+dar+devido+a+uma+desarmonia+do+canal+do+pulm%C3%A3o+e+o+cora%C3%A7%C3%A3o%2C+o+que%2C+de+acordo+com+essa+ci%C3%AAncia%2C+est%C3%A1+principalmente+relacionado+com+aspectos+de+fundo+emocional+%28veja%2C+neste+blog%2C+a+p%C3%A1gina+%E2%80%9Cfatores+emocionais%E2%80%9D+-+http%3A%2F%2Fcuracompletaparaomel\" title=\"Digg this post : Limpeza dos pulm\u00f5es\" ><img loading=\"lazy\" decoding=\"async\" src=\"http:\/\/curacompletaparaomelasma.seublog.net\/wp-content\/plugins\/share-and-follow\/images\/blank.gif\" height=\"32\" style=\"background: transparent url(http:\/\/curacompletaparaomelasma.seublog.net\/wp-content\/plugins\/share-and-follow\/default\/32\/sprite-32.png) no-repeat;padding:0;margin:0;height:32px;width:32px;background-position:-264px 0px\" class=\"image-32\" width=\"32\" alt=\"digg\"\/> <span class=\"head\">Digg this post<\/span><\/a><\/li><li class=\"iconOnly\"><a rel=\"nofollow\" target=\"_blank\" href=\"http:\/\/www.facebook.com\/sharer.php?u=https%3A%2F%2Fcuracompletaparaomelasma.seublog.net%2F%3Fpage_id%3D711&amp;t=Limpeza+dos+pulm%C3%B5es\" title=\"Recommend this post : Limpeza dos pulm\u00f5es on Facebook\" ><img loading=\"lazy\" decoding=\"async\" src=\"http:\/\/curacompletaparaomelasma.seublog.net\/wp-content\/plugins\/share-and-follow\/images\/blank.gif\" height=\"32\" style=\"background: transparent url(http:\/\/curacompletaparaomelasma.seublog.net\/wp-content\/plugins\/share-and-follow\/default\/32\/sprite-32.png) no-repeat;padding:0;margin:0;height:32px;width:32px;background-position:-363px 0px\" class=\"image-32\" width=\"32\" alt=\"facebook\"\/> <span class=\"head\">Recommend on Facebook<\/span><\/a><\/li><li class=\"iconOnly\"><a rel=\"nofollow\" target=\"_blank\" href=\"http:\/\/www.reddit.com\/submit?url=https%3A%2F%2Fcuracompletaparaomelasma.seublog.net%2F%3Fpage_id%3D711&amp;title=Limpeza+dos+pulm%C3%B5es\" title=\"Share this post : Limpeza dos pulm\u00f5es on Reddit\" ><img loading=\"lazy\" decoding=\"async\" src=\"http:\/\/curacompletaparaomelasma.seublog.net\/wp-content\/plugins\/share-and-follow\/images\/blank.gif\" height=\"32\" style=\"background: transparent url(http:\/\/curacompletaparaomelasma.seublog.net\/wp-content\/plugins\/share-and-follow\/default\/32\/sprite-32.png) no-repeat;padding:0;margin:0;height:32px;width:32px;background-position:-1419px 0px\" class=\"image-32\" width=\"32\" alt=\"reddit\"\/> <span class=\"head\">share via Reddit<\/span><\/a><\/li><li class=\"iconOnly\"><a rel=\"nofollow\" target=\"_blank\" href=\"http:\/\/www.stumbleupon.com\/submit?url=https%3A%2F%2Fcuracompletaparaomelasma.seublog.net%2F%3Fpage_id%3D711&amp;title=Limpeza+dos+pulm%C3%B5es\" title=\"Share this post : Limpeza dos pulm\u00f5es with Stumblers\" ><img loading=\"lazy\" decoding=\"async\" src=\"http:\/\/curacompletaparaomelasma.seublog.net\/wp-content\/plugins\/share-and-follow\/images\/blank.gif\" height=\"32\" style=\"background: transparent url(http:\/\/curacompletaparaomelasma.seublog.net\/wp-content\/plugins\/share-and-follow\/default\/32\/sprite-32.png) no-repeat;padding:0;margin:0;height:32px;width:32px;background-position:-1617px 0px\" class=\"image-32\" width=\"32\" alt=\"stumble\"\/> <span class=\"head\">Share with Stumblers<\/span><\/a><\/li><li class=\"iconOnly\"><a rel=\"nofollow\" target=\"_blank\" href=\"http:\/\/twitter.com\/home\/?status=https%3A%2F%2Fcuracompletaparaomelasma.seublog.net%2F%3Fpage_id%3D711\" title=\"Tweet this post : Limpeza dos pulm\u00f5es on Twitter\" ><img loading=\"lazy\" decoding=\"async\" src=\"http:\/\/curacompletaparaomelasma.seublog.net\/wp-content\/plugins\/share-and-follow\/images\/blank.gif\" height=\"32\" style=\"background: transparent url(http:\/\/curacompletaparaomelasma.seublog.net\/wp-content\/plugins\/share-and-follow\/default\/32\/sprite-32.png) no-repeat;padding:0;margin:0;height:32px;width:32px;background-position:-1749px 0px\" class=\"image-32\"  width=\"32\"  alt=\"twitter\"\/> <span class=\"head\">Tweet about it<\/span><\/a><\/li><li class=\"iconOnly\"><a rel=\"_self\" href=\"https:\/\/curacompletaparaomelasma.seublog.net\/?page_id=711&feed=rss2\" title=\"Follow this post : Limpeza dos pulm\u00f5es comments\"><img loading=\"lazy\" decoding=\"async\" src=\"http:\/\/curacompletaparaomelasma.seublog.net\/wp-content\/plugins\/share-and-follow\/images\/blank.gif\" height=\"32\"  width=\"32\" style=\"background: transparent url(http:\/\/curacompletaparaomelasma.seublog.net\/wp-content\/plugins\/share-and-follow\/default\/32\/sprite-32.png) no-repeat;padding:0;margin:0;height:32px;width:32px;background-position:-1452px 0px\" class=\"image-32\"  alt=\"rss\" \/> <span class=\"head\">Subscribe to the comments on this post<\/span><\/a><\/li><\/ul><div class=\"clean\"><\/div> <\/div>","protected":false},"excerpt":{"rendered":"<p>Segundo a medicina tradicional chinesa, a ocorr\u00eancia do melasma pode se dar devido a uma desarmonia do canal do pulm\u00e3o e o cora\u00e7\u00e3o, o que, de acordo com essa ci\u00eancia, est\u00e1 principalmente relacionado com aspectos de fundo emocional (veja, neste &hellip; <a href=\"https:\/\/curacompletaparaomelasma.seublog.net\/?page_id=711\">Continue lendo <span class=\"meta-nav\">&rarr;<\/span><\/a><\/p>\n","protected":false},"author":2112,"featured_media":0,"parent":0,"menu_order":0,"comment_status":"open","ping_status":"open","template":"","meta":{"footnotes":""},"class_list":["post-711","page","type-page","status-publish","hentry"],"_links":{"self":[{"href":"https:\/\/curacompletaparaomelasma.seublog.net\/index.php?rest_route=\/wp\/v2\/pages\/711","targetHints":{"allow":["GET"]}}],"collection":[{"href":"https:\/\/curacompletaparaomelasma.seublog.net\/index.php?rest_route=\/wp\/v2\/pages"}],"about":[{"href":"https:\/\/curacompletaparaomelasma.seublog.net\/index.php?rest_route=\/wp\/v2\/types\/page"}],"author":[{"embeddable":true,"href":"https:\/\/curacompletaparaomelasma.seublog.net\/index.php?rest_route=\/wp\/v2\/users\/2112"}],"replies":[{"embeddable":true,"href":"https:\/\/curacompletaparaomelasma.seublog.net\/index.php?rest_route=%2Fwp%2Fv2%2Fcomments&post=711"}],"version-history":[{"count":6,"href":"https:\/\/curacompletaparaomelasma.seublog.net\/index.php?rest_route=\/wp\/v2\/pages\/711\/revisions"}],"predecessor-version":[{"id":724,"href":"https:\/\/curacompletaparaomelasma.seublog.net\/index.php?rest_route=\/wp\/v2\/pages\/711\/revisions\/724"}],"wp:attachment":[{"href":"https:\/\/curacompletaparaomelasma.seublog.net\/index.php?rest_route=%2Fwp%2Fv2%2Fmedia&parent=711"}],"curies":[{"name":"wp","href":"https:\/\/api.w.org\/{rel}","templated":true}]}}